{"id":7443,"date":"2022-08-16T10:37:48","date_gmt":"2022-08-16T08:37:48","guid":{"rendered":"https:\/\/paticientific.org\/?page_id=7443"},"modified":"2022-09-05T17:15:32","modified_gmt":"2022-09-05T15:15:32","slug":"recursos-didactics","status":"publish","type":"page","link":"https:\/\/paticientific.org\/index.php\/recursos-didactics\/","title":{"rendered":"Recursos did\u00e0ctics"},"content":{"rendered":"<p>[cl_page_header type=\u00bbmodern\u00bb height=\u00bb600&#8243; background_color=\u00bb#0032ff\u00bb background_image=\u00bbhttps:\/\/paticientific.org\/wp-content\/uploads\/2022\/03\/image-1.png\u00bb description=\u00bbEn aquesta p\u00e0gina trobareu recursos did\u00e0ctics per treballar a l&#8217;aula, aix\u00ed com manuals de fabricaci\u00f3 dels aparells de mesura de l&#8217;aigua.\u00bb title=\u00bbRecursos did\u00e0ctics\u00bb text_color=\u00bblight-text\u00bb desc_line_height=\u00bb32&#8243; typography=\u00bbcustom_font\u00bb title_font_size=\u00bb60&#8243; title_line_height=\u00bb100&#8243; overlay=\u00bbcolor\u00bb overlay_color=\u00bb#0032ff\u00bb title_font_weight=\u00bb800&#8243; add_description=\u00bb1&#8243; desc_font_size=\u00bb20&#8243; background_position=\u00bbcenter top\u00bb][cl_row columns_gap=\u00bb35&#8243; background_position=\u00bbcenter bottom\u00bb css_style=\u00bbpadding-top:85px|padding-bottom:85px|margin-top:|margin-right:|margin-bottom:|margin-left:|padding-right:\u00bb overlay_color=\u00bbrgba(0,0,0,0.34)\u00bb overlay_opacity=\u00bb1&#8243;][cl_column width=\u00bb1\/2&#8243; vertical_align=\u00bbmiddle\u00bb][cl_custom_heading typography=\u00bbcustom_font\u00bb text_font_size=\u00bb40&#8243; text_line_height=\u00bb52&#8243; text_transform=\u00bbnone\u00bb css_style=\u00bbmargin-top:|margin-right:|margin-bottom:\u00bb text_color=\u00bb#000000&#8243; text_font_weight=\u00bb800&#8243;]<\/p>\n<p>Sonda batim\u00e8trica [\/cl_custom_heading][cl_text margin_paragraphs=\u00bb40&#8243; custom_typography=\u00bb1&#8243; text_font_size=\u00bb16&#8243; text_font_weight=\u00bb300&#8243; text_line_height=\u00bb24&#8243; css_style=\u00bbmargin-left:\u00bb]Una sonda batim\u00e8trica serveix per estudiar el relleu del fons mar\u00ed. A Barcelona, els temporals mouen grans quantitats de sorra, fent que les platges en guanyin o en perdin en funci\u00f3 de l&#8217;\u00e8poca de l&#8217;any. La sonda servir\u00e0 per estudiar el moviment d&#8217;aquests bancs de sorra davant de la ciutat.<\/p>\n<p>Podeu consultar la seva guia de muntatge, desenvolupada pel projecte SeCosta, de la Universitat de les Illes Balears a:<\/p>\n<ul>\n<li><span style=\"color: #00ccff;\"><a style=\"color: #00ccff;\" href=\"https:\/\/paticientific.org\/wp-content\/uploads\/2022\/07\/guia-batimetria_2022-v1.1-comprimit_logos.pdf\" target=\"_blank\" rel=\"noopener\">Guia sonda batim\u00e8trica<\/a><\/span><\/li>\n<li><span style=\"color: #33cccc;\"><a style=\"color: #33cccc;\" href=\"https:\/\/secosta.wordpress.com\/\" target=\"_blank\" rel=\"noopener\"><span style=\"color: #00ccff;\">Web del projecte SeCosta<\/span><\/a><\/span><\/li>\n<\/ul>\n<p>[\/cl_column][cl_column width=\u00bb1\/2&#8243; css_style=\u00bbpadding-top:|padding-bottom:|padding-right:|padding-left:\u00bb]<style>\n       .errordiv { padding:10px; margin:10px; border: 1px solid #555555;color: #000000;background-color: #f8f8f8; width:500px; }#advanced_iframe {visibility:visible;opacity:1;vertical-align:top;}.ai-info-bottom-iframe { position: fixed; z-index: 10000; bottom:0; left: 0; margin: 0px; text-align: center; width: 100%; background-color: #ff9999; padding-left: 5px;padding-bottom: 5px; border-top: 1px solid #aaa } a.ai-bold {font-weight: bold;}#ai-layer-div-advanced_iframe p {height:100%;margin:0;padding:0}<\/style><script type=\"text\/javascript\">var ai_iframe_width_advanced_iframe = 0;var ai_iframe_height_advanced_iframe = 0;function aiReceiveMessageadvanced_iframe(event) {  aiProcessMessage(event,\"advanced_iframe\", \"true\");}if (window.addEventListener) {  window.addEventListener(\"message\", aiReceiveMessageadvanced_iframe);} else if (el.attachEvent)  {  el.attachEvent(\"message\", aiReceiveMessageadvanced_iframe);}var aiOnloadScrollTop=\"true\";var aiShowDebug=false;\n\t\tif (typeof aiReadyCallbacks === 'undefined') {\n\t\t\tvar aiReadyCallbacks = [];\n\t\t} else if (!(aiReadyCallbacks instanceof Array)) {\n\t\t\tvar aiReadyCallbacks = [];\n\t\t}    function aiShowIframeId(id_iframe) { jQuery(\"#\"+id_iframe).css(\"visibility\", \"visible\");    }    function aiResizeIframeHeight(height) { aiResizeIframeHeight(height,advanced_iframe); }    function aiResizeIframeHeightId(height,width,id) {aiResizeIframeHeightById(id,height);}<\/script><iframe id=\"advanced_iframe\"  name=\"advanced_iframe\"  src=\"https:\/\/www.youtube.com\/embed\/UQ9lo6bOGUc\"  width=\"560\"  height=\"315\"  frameborder=\"0\"  border=\"0\"  allowtransparency=\"true\"  loading=\"lazy\"  title=\"YouTube video player\"  allow=\"accelerometer; autoplay; clipboard-write; encrypted-media; gyroscope; picture-in-picture\"  style=\";border-width: 0px;;border: none;;width:560px;height:315px;\" ><\/iframe><script type=\"text\/javascript\">var ifrm_advanced_iframe = document.getElementById(\"advanced_iframe\");var hiddenTabsDoneadvanced_iframe = false;\nfunction resizeCallbackadvanced_iframe() {}<\/script><script type=\"text\/javascript\"><\/script><p style=\"display:block !important; visibility:visible !important;margin: -18px 14px 0 0;padding-left: 3px;padding-top:3px;background: white; overflow: hidden; position: relative; line-height:15px;width: fit-content;\"><small style=\"display:block !important;visibility:visible !important\">powered by Advanced iFrame<\/small><\/p>[\/cl_column][\/cl_row][cl_row columns_gap=\u00bb35&#8243; css_style=\u00bbmargin-top:|margin-bottom:|padding-bottom:85px|margin-left:|margin-right:|padding-top:85px|padding-right:|padding-left:\u00bb background_color=\u00bb#ededed\u00bb][cl_column width=\u00bb1\/2&#8243; css_style=\u00bbpadding-top:|padding-bottom:|padding-right:|margin-right:|margin-bottom:|padding-left:|margin-left:|border-right-width:|border-bottom-width:\u00bb vertical_align=\u00bbmiddle\u00bb animation=\u00bbleft-t-right\u00bb][cl_text css_style=\u00bbpadding-right:|padding-bottom:|margin-right:|margin-bottom:|border-right-width:|border-bottom-width:|padding-left:|margin-left:|border-left-width:|padding-top:\u00bb margin_paragraphs=\u00bb0&#8243; animation=\u00bbleft-t-right\u00bb]<\/p>\n<p style=\"margin-top: 0px; margin-bottom: 0px;\"><style>\n       .errordiv { padding:10px; margin:10px; border: 1px solid #555555;color: #000000;background-color: #f8f8f8; width:500px; }#advanced_iframe_2 {visibility:visible;opacity:1;vertical-align:top;}.ai-info-bottom-iframe { position: fixed; z-index: 10000; bottom:0; left: 0; margin: 0px; text-align: center; width: 100%; background-color: #ff9999; padding-left: 5px;padding-bottom: 5px; border-top: 1px solid #aaa } a.ai-bold {font-weight: bold;}#ai-layer-div-advanced_iframe_2 p {height:100%;margin:0;padding:0}<\/style><script type=\"text\/javascript\">var ai_iframe_width_advanced_iframe_2 = 0;var ai_iframe_height_advanced_iframe_2 = 0;function aiReceiveMessageadvanced_iframe_2(event) {  aiProcessMessage(event,\"advanced_iframe_2\", \"true\");}if (window.addEventListener) {  window.addEventListener(\"message\", aiReceiveMessageadvanced_iframe_2);} else if (el.attachEvent)  {  el.attachEvent(\"message\", aiReceiveMessageadvanced_iframe_2);}var aiOnloadScrollTop=\"true\";var aiShowDebug=false;\n\t\tif (typeof aiReadyCallbacks === 'undefined') {\n\t\t\tvar aiReadyCallbacks = [];\n\t\t} else if (!(aiReadyCallbacks instanceof Array)) {\n\t\t\tvar aiReadyCallbacks = [];\n\t\t}    function aiShowIframeId(id_iframe) { jQuery(\"#\"+id_iframe).css(\"visibility\", \"visible\");    }    function aiResizeIframeHeight(height) { aiResizeIframeHeight(height,advanced_iframe_2); }    function aiResizeIframeHeightId(height,width,id) {aiResizeIframeHeightById(id,height);}<\/script><iframe id=\"advanced_iframe_2\"  name=\"advanced_iframe_2\"  src=\"https:\/\/www.youtube.com\/embed\/1nsy4QC6tS8\"  width=\"560\"  height=\"315\"  frameborder=\"0\"  border=\"0\"  allowtransparency=\"true\"  loading=\"lazy\"  title=\"YouTube video player\"  allow=\"accelerometer; autoplay; clipboard-write; encrypted-media; gyroscope; picture-in-picture\"  style=\";border-width: 0px;;border: none;;width:560px;height:315px;\" ><\/iframe><script type=\"text\/javascript\">var ifrm_advanced_iframe_2 = document.getElementById(\"advanced_iframe_2\");var hiddenTabsDoneadvanced_iframe_2 = false;\nfunction resizeCallbackadvanced_iframe_2() {}<\/script><script type=\"text\/javascript\"><\/script><p style=\"display:block !important; visibility:visible !important;margin: -18px 14px 0 0;padding-left: 3px;padding-top:3px;background: white; overflow: hidden; position: relative; line-height:15px;width: fit-content;\"><small style=\"display:block !important;visibility:visible !important\">powered by Advanced iFrame<\/small><\/p><\/p>\n<p style=\"margin-top: 0px; margin-bottom: 0px;\">\u00a0<\/p>\n<p>[\/cl_text][\/cl_column][cl_column width=\u00bb1\/2&#8243; css_style=\u00bbpadding-top:|padding-bottom:|padding-right:10px|margin-top:35px|margin-bottom:35px|margin-right:|margin-left:40px\u00bb][cl_custom_heading typography=\u00bbcustom_font\u00bb text_font_size=\u00bb40&#8243; text_line_height=\u00bb52&#8243; text_transform=\u00bbnone\u00bb css_style=\u00bbmargin-top:|margin-right:|margin-bottom:\u00bb text_color=\u00bb#000000&#8243; text_font_weight=\u00bb800&#8243;]<\/p>\n<p>Perfilador TD [\/cl_custom_heading][cl_text margin_paragraphs=\u00bb40&#8243; custom_typography=\u00bb1&#8243; text_font_size=\u00bb16&#8243; text_font_weight=\u00bb300&#8243; text_line_height=\u00bb24&#8243; css_style=\u00bbmargin-left:\u00bb]<\/p>\n<p>Un perfilador de temperatura serveix per con\u00e8ixer la temperatura de la columna d&#8217;aigua, des de la superf\u00edcie fins al fons. La variaci\u00f3 de la temperatura en la columna d&#8217;aigua dep\u00e8n de fen\u00f2mens com la radiaci\u00f3 solar, el vent o les onades.<\/p>\n<p>Podeu consultar la seva guia de muntatge, desenvolupada pel projecte SeCosta, de la Universitat de les Illes Balears a:<\/p>\n<ul>\n<li><a href=\"https:\/\/paticientific.org\/wp-content\/uploads\/2022\/07\/guia-sonda_td-2022-v1.1-comprimit-logos.pdf\" target=\"_blank\" rel=\"noreferrer noopener\"><span style=\"color: #00ccff;\">Guia perfilador de temperatura<\/span><\/a><\/li>\n<li><a href=\"https:\/\/secosta.wordpress.com\/\" target=\"_blank\" rel=\"noopener\"><span style=\"color: #00ccff;\">Web del projecte SeCosta<\/span><\/a><\/li>\n<\/ul>\n<p>[\/cl_column][\/cl_row][cl_row columns_gap=\u00bb35&#8243; css_style=\u00bbpadding-top:85px|padding-bottom:85px|padding-left:\u00bb equal_height=\u00bb1&#8243;][cl_column width=\u00bb1\/2&#8243; css_style=\u00bbpadding-top:|padding-bottom:|padding-right:|padding-left:\u00bb animation=\u00bbleft-t-right\u00bb][cl_custom_heading typography=\u00bbcustom_font\u00bb text_font_size=\u00bb40&#8243; text_line_height=\u00bb52&#8243; text_transform=\u00bbnone\u00bb css_style=\u00bbmargin-top:|margin-right:|margin-bottom:\u00bb text_color=\u00bb#000000&#8243; text_font_weight=\u00bb800&#8243;]<\/p>\n<p style=\"margin-top: 40px; margin-bottom: 40px;\">Estaci\u00f3 marina Smart Citizen [\/cl_custom_heading][cl_text margin_paragraphs=\u00bb40&#8243; custom_typography=\u00bb1&#8243; text_font_size=\u00bb16&#8243; text_font_weight=\u00bb300&#8243; text_line_height=\u00bb24&#8243; css_style=\u00bbmargin-left:\u00bb]Aquest material educatiu l&#8217;ha desenvolupat FabLab Barcelona. Est\u00e0 pensat per treballar conceptes com la temperatura, la salinitat, el pH o el percentatge d&#8217;oxigen de l&#8217;aigua del mar. Podeu consultar la proposta educativa al voltant de les estacions marines Smart Citizen a:<\/p>\n<ul>\n<li><span style=\"color: #33cccc;\"><a style=\"color: #33cccc;\" href=\"https:\/\/docs.smartcitizen.me\/Resources\/Education\/AulaMar\/download\/Aulamar_Secuencia_Didactica.pdf\" target=\"_blank\" rel=\"noopener\"><span style=\"color: #00ccff;\">Seq\u00fc\u00e8ncia did\u00e0ctica<\/span><\/a><\/span><\/li>\n<li><span style=\"color: #00ccff;\"><a style=\"color: #00ccff;\" href=\"https:\/\/docs.smartcitizen.me\/Resources\/Education\/AulaMar\/\" target=\"_blank\" rel=\"noopener\">Recursos did\u00e0ctics de Smart Citizen<\/a><\/span><\/li>\n<\/ul>\n<p>[\/cl_column][cl_column width=\u00bb1\/2&#8243; vertical_align=\u00bbmiddle\u00bb css_style=\u00bbpadding-top:|padding-bottom:|margin-left:|padding-right:|padding-left:|margin-top:|margin-bottom:|margin-right:|border-top-width:|border-right-width:|border-bottom-width:\u00bb][cl_text margin_paragraphs=\u00bb0&#8243;]<style>\n       .errordiv { padding:10px; margin:10px; border: 1px solid #555555;color: #000000;background-color: #f8f8f8; width:500px; }#advanced_iframe_3 {visibility:visible;opacity:1;vertical-align:top;}.ai-info-bottom-iframe { position: fixed; z-index: 10000; bottom:0; left: 0; margin: 0px; text-align: center; width: 100%; background-color: #ff9999; padding-left: 5px;padding-bottom: 5px; border-top: 1px solid #aaa } a.ai-bold {font-weight: bold;}#ai-layer-div-advanced_iframe_3 p {height:100%;margin:0;padding:0}<\/style><script type=\"text\/javascript\">var ai_iframe_width_advanced_iframe_3 = 0;var ai_iframe_height_advanced_iframe_3 = 0;function aiReceiveMessageadvanced_iframe_3(event) {  aiProcessMessage(event,\"advanced_iframe_3\", \"true\");}if (window.addEventListener) {  window.addEventListener(\"message\", aiReceiveMessageadvanced_iframe_3);} else if (el.attachEvent)  {  el.attachEvent(\"message\", aiReceiveMessageadvanced_iframe_3);}var aiOnloadScrollTop=\"true\";var aiShowDebug=false;\n\t\tif (typeof aiReadyCallbacks === 'undefined') {\n\t\t\tvar aiReadyCallbacks = [];\n\t\t} else if (!(aiReadyCallbacks instanceof Array)) {\n\t\t\tvar aiReadyCallbacks = [];\n\t\t}    function aiShowIframeId(id_iframe) { jQuery(\"#\"+id_iframe).css(\"visibility\", \"visible\");    }    function aiResizeIframeHeight(height) { aiResizeIframeHeight(height,advanced_iframe_3); }    function aiResizeIframeHeightId(height,width,id) {aiResizeIframeHeightById(id,height);}<\/script><iframe id=\"advanced_iframe_3\"  name=\"advanced_iframe_3\"  src=\"https:\/\/docs.smartcitizen.me\/Resources\/Education\/AulaMar\/\"  width=\"100%\"  height=\"600\"  frameborder=\"0\"  border=\"0\"  allowtransparency=\"true\"  loading=\"lazy\"  style=\";border-width: 0px;;border: none;;width:100%;height:600px;\" ><\/iframe><script type=\"text\/javascript\">var ifrm_advanced_iframe_3 = document.getElementById(\"advanced_iframe_3\");var hiddenTabsDoneadvanced_iframe_3 = false;\nfunction resizeCallbackadvanced_iframe_3() {}<\/script><script type=\"text\/javascript\"><\/script><p style=\"display:block !important; visibility:visible !important;margin: -18px 14px 0 0;padding-left: 3px;padding-top:3px;background: white; overflow: hidden; position: relative; line-height:15px;width: fit-content;\"><small style=\"display:block !important;visibility:visible !important\">powered by Advanced iFrame<\/small><\/p>[\/cl_text][\/cl_column][\/cl_row][cl_column horizontal_align=\u00bbmiddle\u00bb vertical_align=\u00bbmiddle\u00bb css_style=\u00bbpadding-top:|padding-right:\u00bb][cl_custom_heading typography=\u00bbcustom_font\u00bb text_font_size=\u00bb40&#8243; text_font_weight=\u00bb800&#8243; text_line_height=\u00bb52&#8243; text_transform=\u00bbnone\u00bb text_color=\u00bb#000000&#8243;]<\/p>\n\n\n<p><\/p>\n","protected":false},"excerpt":{"rendered":"<p>[cl_page_header type=\u00bbmodern\u00bb height=\u00bb600&#8243; background_color=\u00bb#0032ff\u00bb background_image=\u00bbhttps:\/\/paticientific.org\/wp-content\/uploads\/2022\/03\/image-1.png\u00bb description=\u00bbEn aquesta p\u00e0gina trobareu recursos did\u00e0ctics per treballar a l&#8217;aula, aix\u00ed com manuals de fabricaci\u00f3 dels aparells de mesura de l&#8217;aigua.\u00bb title=\u00bbRecursos did\u00e0ctics\u00bb text_color=\u00bblight-text\u00bb desc_line_height=\u00bb32&#8243; typography=\u00bbcustom_font\u00bb title_font_size=\u00bb60&#8243; title_line_height=\u00bb100&#8243; overlay=\u00bbcolor\u00bb overlay_color=\u00bb#0032ff\u00bb title_font_weight=\u00bb800&#8243; add_description=\u00bb1&#8243; desc_font_size=\u00bb20&#8243; background_position=\u00bbcenter top\u00bb][cl_row columns_gap=\u00bb35&#8243; background_position=\u00bbcenter bottom\u00bb css_style=\u00bbpadding-top:85px|padding-bottom:85px|margin-top:|margin-right:|margin-bottom:|margin-left:|padding-right:\u00bb overlay_color=\u00bbrgba(0,0,0,0.34)\u00bb overlay_opacity=\u00bb1&#8243;][cl_column width=\u00bb1\/2&#8243; vertical_align=\u00bbmiddle\u00bb][cl_custom_heading typography=\u00bbcustom_font\u00bb text_font_size=\u00bb40&#8243; text_line_height=\u00bb52&#8243; text_transform=\u00bbnone\u00bb css_style=\u00bbmargin-top:|margin-right:|margin-bottom:\u00bb text_color=\u00bb#000000&#8243; text_font_weight=\u00bb800&#8243;] Sonda [&hellip;]<\/p>\n","protected":false},"author":1,"featured_media":5155,"parent":0,"menu_order":0,"comment_status":"closed","ping_status":"closed","template":"","meta":[],"_links":{"self":[{"href":"https:\/\/paticientific.org\/index.php\/wp-json\/wp\/v2\/pages\/7443"}],"collection":[{"href":"https:\/\/paticientific.org\/index.php\/wp-json\/wp\/v2\/pages"}],"about":[{"href":"https:\/\/paticientific.org\/index.php\/wp-json\/wp\/v2\/types\/page"}],"author":[{"embeddable":true,"href":"https:\/\/paticientific.org\/index.php\/wp-json\/wp\/v2\/users\/1"}],"replies":[{"embeddable":true,"href":"https:\/\/paticientific.org\/index.php\/wp-json\/wp\/v2\/comments?post=7443"}],"version-history":[{"count":12,"href":"https:\/\/paticientific.org\/index.php\/wp-json\/wp\/v2\/pages\/7443\/revisions"}],"predecessor-version":[{"id":7561,"href":"https:\/\/paticientific.org\/index.php\/wp-json\/wp\/v2\/pages\/7443\/revisions\/7561"}],"wp:featuredmedia":[{"embeddable":true,"href":"https:\/\/paticientific.org\/index.php\/wp-json\/wp\/v2\/media\/5155"}],"wp:attachment":[{"href":"https:\/\/paticientific.org\/index.php\/wp-json\/wp\/v2\/media?parent=7443"}],"curies":[{"name":"wp","href":"https:\/\/api.w.org\/{rel}","templated":true}]}}